{"id":1987,"date":"2024-04-15T15:41:32","date_gmt":"2024-04-15T13:41:32","guid":{"rendered":"https:\/\/medialingua.agencewebaxis.com\/?post_type=collection&#038;p=1987"},"modified":"2025-05-23T10:55:41","modified_gmt":"2025-05-23T08:55:41","slug":"ava-tocca-te","status":"publish","type":"collection","link":"https:\/\/www.medialingua.corsica\/co\/collection\/ava-tocca-te","title":{"rendered":"Av\u00e0 tocc&rsquo;\u00e0 t\u00e8"},"featured_media":1988,"parent":0,"menu_order":0,"template":"","nivellu":[20,21,22],"tematica":[52],"class_list":["post-1987","collection","type-collection","status-publish","has-post-thumbnail","hentry","nivellu-culleghju","nivellu-liceu","nivellu-tutti","tematica-ecunumia"],"acf":[],"_links":{"self":[{"href":"https:\/\/www.medialingua.corsica\/co\/wp-json\/wp\/v2\/collection\/1987","targetHints":{"allow":["GET"]}}],"collection":[{"href":"https:\/\/www.medialingua.corsica\/co\/wp-json\/wp\/v2\/collection"}],"about":[{"href":"https:\/\/www.medialingua.corsica\/co\/wp-json\/wp\/v2\/types\/collection"}],"wp:featuredmedia":[{"embeddable":true,"href":"https:\/\/www.medialingua.corsica\/co\/wp-json\/wp\/v2\/media\/1988"}],"wp:attachment":[{"href":"https:\/\/www.medialingua.corsica\/co\/wp-json\/wp\/v2\/media?parent=1987"}],"wp:term":[{"taxonomy":"nivellu","embeddable":true,"href":"https:\/\/www.medialingua.corsica\/co\/wp-json\/wp\/v2\/nivellu?post=1987"},{"taxonomy":"tematica","embeddable":true,"href":"https:\/\/www.medialingua.corsica\/co\/wp-json\/wp\/v2\/tematica?post=1987"}],"curies":[{"name":"wp","href":"https:\/\/api.w.org\/{rel}","templated":true}]}}

Avà tocc&rsquo;à tè
